What is the tens digit of 84397299?
9
What is the hundred millions digit of 1364249897?
3
What is the millions digit of 7900047661?
0
What is the thousands digit of 648308814?
8
What is the millions digit of 2486805?
2
What is the thousands digit of 449656247?
6
What is the ten millions digit of 2125247392?
2
What is the thousands digit of 14256695?
6
What is the units digit of 153313107?
7
What is the ten millions digit of 161660541?
6
What is the hundred thousands digit of 190499640?
4
What is the tens digit of 75818965?
6
What is the ten thousands digit of 87222215?
2
What is the hundred thousands digit of 1085070428?
0
What is the ten millions digit of 3499235515?
9
What is the units digit of 108300868?
8
What is the units digit of 161261351?
1
What is the millions digit of 229160223?
9
What is the hundred millions digit of 133010606?
1
What is the tens digit of 6119211921?
2
What is the hundred millions digit of 4785301965?
7
What is the ten millions digit of 986274942?
8
What is the tens digit of 3184504427?
2
What is the hundred thousands digit of 3478270?
4
What is the ten millions digit of 768479233?
6
What is the ten millions digit of 298909336?
9
What is the hundreds digit of 589761579?
5
What is the ten thousands digit of 70990361?
9
What is the hundreds digit of 38190578?
5
What is the millions digit of 1152735915?
2
What is the ten thousands digit of 173356365?
5
What is the ten thousands digit of 44861960?
6
What is the units digit of 29357458?
8
What is the tens digit of 217045873?
7
What is the hundreds digit of 334930632?
6
What is the hundreds digit of 158196602?
6
What is the tens digit of 684599672?
7
What is the units digit of 10502658?
8
What is the hundreds digit of 231072775?
7
What is the hundred thousands digit of 1029914186?
9
What is the ten millions digit of 157585933?
5
What is the millions digit of 28779072?
8
What is the millions digit of 12491950?
2
What is the units digit of 93729371?
1
What is the tens digit of 371640?
4
What is the tens digit of 33795034?
3
What is the millions digit of 2207286?
2
What is the ten millions digit of 1945422158?
4
What is the hundred millions digit of 224072460?
2
What is the ten millions digit of 79136615?
7
What is the millions digit of 597569415?
7
What is the tens digit of 14250536?
3
What is the hundreds digit of 129107155?
1
What is the hundred thousands digit of 491805565?
8
What is the hundreds digit of 883576467?
4
What is the tens digit of 35376356?
5
What is the units digit of 7779837658?
8
What is the thousands digit of 168817941?
7
What is the ten thousands digit of 5111843481?
4
What is the hundreds digit of 7863549?
5
What is the millions digit of 111895928?
1
What is the hundred thousands digit of 21347356?
3
What is the ten millions digit of 97734745?
9
What is the thousands digit of 426185807?
5
What is the thousands digit of 336660994?
0
What is the ten millions digit of 50323610?
5
What is the ten millions digit of 55264133?
5
What is the hundreds digit of 168587471?
4
What is the ten thousands digit of 34389041?
8
What is the units digit of 106143017?
7
What is the ten millions digit of 245231827?
4
What is the units digit of 31232252?
2
What is the hundred thousands digit of 29413304?
4
What is the hundreds digit of 478925960?
9
What is the hundred thousands digit of 2341839695?
8
What is the hundreds digit of 57835591?
5
What is the millions digit of 58136560?
8
What is the thousands digit of 279598894?
8
What is the tens digit of 121106084?
8
What is the ten thousands digit of 783657107?
5
What is the units digit of 742139828?
8
What is the hundreds digit of 61888249?
2
What is the thousands digit of 1145387640?
7
What is the ten millions digit of 37650799?
3
What is the tens digit of 1242050915?
1
What is the ten millions digit of 3814316940?
1
What is the units digit of 32019904?
4
What is the hundreds digit of 1040274004?
0
What is the millions digit of 2786928700?
6
What is the millions digit of 75077562?
5
What is the millions digit of 32097151?
2
What is the hundreds digit of 28325180?
1
What is the ten millions digit of 147047606?
4
What is the ten thousands digit of 33647189?
4
What is the billions digit of 1697411956?
1
What is the hundreds digit of 103149831?
8
What is the hundreds digit of 58845639?
6
What is the millions digit of 176448561?
6
What is the hundred millions digit of 179658650?
1
What is the tens digit of 4275220507?
0
What is the units digit of 49865708?
8
What is the millions digit of 1280662424?
0
What is the ten thousands digit of 4692779?
9
What is the ten thousands digit of 56297467?
9
What is the hundreds digit of 293625559?
5
What is the ten thousands digit of 54925636?
2
What is the thousands digit of 101079846?
9
What is the hundred millions digit of 2138699818?
1
What is the hundred millions digit of 489368226?
4
What is the tens digit of 803190386?
8
What is the hundred thousands digit of 2149078992?
0
What is the thousands digit of 2517854894?
4
What is the hundreds digit of 43841712?
7
What is the hundred millions digit of 1471054894?
4
What is the units digit of 3692251089?
9
What is the units digit of 27999872?
2
What is the hundreds digit of 39533648?
6
What is the tens digit of 138143811?
1
What is the ten millions digit of 943498423?
4
What is the ten thousands digit of 174658200?
5
What is the hundreds digit of 60413678?
6
What is the tens digit of 721783844?
4
What is the hundred millions digit of 2080457478?
0
What is the millions digit of 2677562857?
7
What is the ten millions digit of 96817793?
9
What is the ten thousands digit of 391046502?
4
What is the thousands digit of 2458775955?
5
What is the hundred millions digit of 292832846?
2
What is the hundreds digit of 262472767?
7
What is the ten thousands digit of 170820983?
2
What is the hundreds digit of 1722091352?
3
What is the hundred thousands digit of 263043202?
0
What is the hundreds digit of 1494416279?
2
What is the hundreds digit of 18322552?
5
What is the thousands digit of 104626566?
6
What is the tens digit of 10089075?
7
What is the thousands digit of 169531763?
1
What is the ten millions digit of 7201583368?
0
What is the hundred thousands digit of 75462746?
4
What is the ten thousands digit of 348102881?
0
What is the millions digit of 479061213?
9
What is the billions digit of 1457328971?
1
What is the ten millions digit of 5789757278?
8
What is the hundreds digit of 158654396?
3
What is the ten millions digit of 1138308586?
3
What is the units digit of 75143760?
0
What is the units digit of 1647006101?
1
What is the ten thousands digit of 385389320?
8
What is the tens digit of 5947319?
1
What is the tens digit of 834957016?
1
What is the hundreds digit of 46313170?
1
What is the thousands digit of 80765744?
5
What is the hundreds digit of 701685215?
2
What is the units digit of 38551448?
8
What is the units digit of 23219313?
3
What is the tens digit of 1821337640?
4
What is the tens digit of 3538647396?
9
What is the ten millions digit of 308395950?
0
What is the ten millions digit of 61957353?
6
What is the ten millions digit of 1411082795?
1
What is the ten thousands digit of 282654100?
5
What is the thousands digit of 121414508?
4
What is the units digit of 840304812?
2
What is the hundred thousands digit of 34309408?
3
What is the hundred millions digit of 202212788?
2
What is the ten thousands digit of 131920219?
2
What is the hundreds digit of 132666414?
4
What is the units digit of 583686492?
2
What is the tens digit of 305662524?
2
What is the hundreds digit of 303106?
1
What is the units digit of 608709330?
0
What is the millions digit of 359249359?
9
What is the ten millions digit of 1625706341?
2
What is the thousands digit of 931087961?
7
What is the ten thousands digit of 45989920?
8
What is the tens digit of 436647300?
0
What is the millions digit of 723859698?
3
What is the hundred millions digit of 238175484?
2
What is the billions digit of 2921861420?
2
What is the thousands digit of 1514993961?
3
What is the millions digit of 56587993?
6
What is the hundred thousands digit of 129675165?
6
What is the ten thousands digit of 1836210673?
1
What is the ten thousands digit of 3735322590?
2
What is the ten millions dig